*2 + 2*q - 4. Let u be j(3). Suppose 2*c - c - 5*f - 24 = 0, 0 = c - u*f - 12. Suppose -c*h + 2695 = 627. Is h a prime number?
False
Suppose -2*z = 6*j - 9*j - 362183, 0 = -4*z - 5*j + 724289. Is z prime?
True
Let t(j) = -20*j**3 - 36*j**2 - 2*j - 6. Let n(b) = 7*b**3 + 12*b**2 + b + 2. Suppose 30*p + 68 = 26*p. Let f(k) = p*n(k) - 6*t(k). Is f(-11) composite?
True
Let w(p) = 52*p**3 + 15*p**2 - 84*p + 1. Is w(6) composite?
True
Let x = 170 + -49. Suppose -x = -29*f + 28*f. Suppose 545 = 6*k - f. Is k a composite number?
True
Let w(r) = 1784*r**2 - 292*r + 3831. Is w(13) prime?
True
Let n = -562 - -566. Suppose 5*x = n*i + 9189, -5*x + x + 2*i = -7356. Is x a prime number?
False
Let f = 27986 - 10656. Suppose -j + 6*j = f. Is j a composite number?
True
Let x(l) = -61*l**2 - 12*l + 21 - 6*l + l**3 + 56*l**2. Let y be x(12). Let t = 2210 - y. Is t composite?
True
Let a(g) = -30388*g - 5297. Is a(-27) a composite number?
True
Is 16483 + ((-360)/(-6))/10 + -2 a prime number?
True
Is 7/(7 - -42) - (2 + 38110/(-35)) a prime number?
True
Let n(g) = -7*g**3 + g**2 - 29*g - 6. Let b(d) = d**3 - 2*d**2 + 10*d + 1. Let y(f) = 3*b(f) + n(f). Suppose -5*r - 3 - 32 = 0. Is y(r) prime?
True
Suppose 5*x - 127 = l, 0 = 2*x - 6*x + l + 102. Let u = -27 + x. Is (-1 + 2213/u)*(-11 + 9) composite?
True
Let p(j) be the third derivative of j**6/120 + j**5/30 + j**4/8 + 199*j**3/6 - 17*j**2. Is p(0) prime?
True
Suppose -4*i - 2*k = -1655424, -211127 = i + 5*k - 624974. Is i a prime number?
False
Let v(t) = 534*t - 673. Is v(24) a prime number?
True
Let b(t) = 3*t**2 - 58*t + 57. Let l be b(50). Let j = -2442 + l. Is j prime?
False
Suppose 12*s - 220 = 32. Is (s/(-9) + 1)/(26/(-1131)) prime?
False
Let o(n) = -2 + 8*n - 172*n + 32*n. Let w be o(-2). Let x = w + -61. Is x a composite number?
True
Suppose 5*b - 22865 = 5*h, -2*h + 9154 = 2*b - 0*b. Suppose -5*m + 2*j = -b, m + 0*j = -4*j + 893. Is m a prime number?
False
Suppose -1988*n - 5330320 = -2004*n. Is n a prime number?
False
Is 13*64250 - (204/(-5 + -12) - -13) a prime number?
True
Let r be ((-2)/4)/(2/(-12)). Suppose -2*h - t = -12462, -t - 18683 = -r*h - 0*t. Is h prime?
True
Let g = 250512 + -131455. Is g prime?
True
Let o be (-8 - -11)/((-1)/(-12)). Is 435006/o + 5/2 + -1 composite?
True
Suppose 2*g + 2436 = 4*j, -4*g = j - 17 - 583. Let k(m) = -m + 12. Let f be k(9). Suppose 4*o + 5*s = j, 5*o + f*s = -s + 769. Is o a composite number?
False
Suppose 13*h + 41928 = 130367. Is h a composite number?
False
Let t(s) be the first derivative of 122*s**3/3 + 23*s**2/2 - 31*s + 28. Let f(n) be the first derivative of t(n). Is f(24) composite?
False
Let f = -20 + 10. Let h(v) = v**2 + 9*v - 10. Let b be h(f). Suppose b = 2*j + 2*j + 4*a - 3564, 0 = 3*j + a - 2681. Is j a prime number?
False
Suppose 85*p = 83*p + 10. Suppose 0 = p*q - 15*q + 3950. Is q a composite number?
True
Let f(g) = 10160*g - 41. Let i be f(2). Is (1 - 3)/(-10 + 202783/i) composite?
True
Suppose 0 = -4*t - t + 25, 0 = w + t - 8. Suppose w*l - 8016 = -3*h, l - 1667 + 9679 = 3*h. Is h a composite number?
False
Suppose -13*n + 420 = -282. Suppose 37*s - n = 40*s. Is -1*(-2)/s + 8352/81 prime?
True
Suppose -7*b + 16 + 12 = 0. Suppose b*f + f - 2250 = 0. Suppose -f = -5*c + 605. Is c a prime number?
True
Suppose 93*g + 6*g - 3591183 = -12*g. Is g a prime number?
True
Let m(f) = -f**3 + 12 + 79*f - 62*f + 9. Is m(-10) composite?
True
Let p be (-17)/(-17)*(1 + 18/(-3)). Is ((p/5)/(-1))/(5/5855) a prime number?
True
Let v = -113 - -117. Let q be (-29)/(-116) + 119/v. Suppose 0 = 27*m - q*m + 7563. Is m a prime number?
True
Let k = 11 - 9. Let m = k - 2. Suppose c = 4*u + 161, 4*c - 2*u + 136 - 738 = m. Is c a composite number?
False
Let p be (-38821 - 1)*1/(-1). Suppose -12573 - p = -19*n. Is n prime?
False
Let o(l) = 13*l**3 - 5*l**2 - 32*l + 10. Let v be o(-6). Is 16/(-56) - (-92)/28 - v composite?
False
Suppose -1844*d = -1814*d - 22753230. Is d a prime number?
True
Suppose -5*o + 12 = -2*o. Suppose -o*k + 193 = 25. Let f = 599 - k. Is f a composite number?
False
Suppose -2*c + 838271 - 265453 = 0. Is c a prime number?
False
Suppose -5*z = -l - 88 + 940, -z = 5*l - 4182. Let b = 10390 - l. Is b a composite number?
True
Let t = -1756274 - -1252309. Is t/(-637) + 2/(-13) composite?
True
Let p = -478685 - -967806. Is p composite?
True
Is -106783*-2*(-9)/((-72)/44) composite?
True
Let h = 6934 - -32695. Is h prime?
False
Let y(l) = l**3 - 30*l**2 - 86*l + 131. Is y(44) composite?
True
Suppose -2*p = -3*c + 469533, 626045 = 2922*c - 2918*c - 3*p. Is c composite?
True
Let m = -79827 - -205531. Suppose 0 = 34*q - 36*q - 2*f + m, -3*f + 3 = 0. Is q composite?
False
Is 5130801/(-39)*(7/14 - (-17)/(-6)) a composite number?
True
Let x(a) = a**3 + 8*a**2 - 7*a - 48. Let k be x(-7). Suppose k*r - 300708 = 14*r. Is r a prime number?
True
Let o be 1300/(-15)*(-222)/4. Suppose 65*t = 75*t - o. Is t a composite number?
True
Let b(l) = -l**3 - 13*l**2 + 1. Let h be b(-13). Let t be h*-2 + -3 + -10. Is (-3)/(-9) - -1*(-31660)/t a prime number?
True
Suppose 5*j - 124 = 3*i - 360, j = -5*i + 356. Let r = i + -57. Suppose r*n - 23222 = -8177. Is n prime?
False
Suppose -v + 6*v + 1588 = t, 0 = 2*t - 2*v - 3200. Suppose -626 - t = -k + 5*n, 2*n = k - 2217. Is k a composite number?
True
Let m(v) = -v**2 + 6*v - 5. Let y be m(4). Let i(o) = -13*o**3 - 4*o**2 + 3*o. Let l be i(y). Let w = 751 + l. Is w prime?
True
Is 8/(-1) + (-10 - -7) + 2592 a prime number?
False
Suppose 0 = t + g - 13, -2*g - 2*g = -3*t + 53. Suppose -2*u + 438 = -2*s, 3*s = -0*s - t. Is u prime?
False
Let m(i) = 68*i**2 - 46*i + 16. Let u be m(14). Suppose 3*s + u = 2*f, 2*s + 19049 = 3*f - 3*s. Is f a composite number?
False
Let l(m) = -3*m + 64. Let j be l(24). Let f(b) = -8*b**3 - 6*b**2 + 17*b - 25. Is f(j) prime?
False
Let k(n) be the second derivative of -n**5/20 + n**4/3 + 13*n**3/6 - 2*n**2 - 26*n. Let m be k(6). Suppose 5*p = 3*q - 4108, 4*q - m*p = q + 4093. Is q prime?
True
Let y(j) = 2*j**3 + 7*j**2 - 10*j + 3. Let s be y(1). Suppose 8763 = s*v + 21*v. Is v a composite number?
True
Let r = 135 + -126. Let t(n) = 2486*n**2 - r*n + 2*n + 14*n. Is t(-1) composite?
True
Let j(a) = 5*a + 70. Let g be j(-14). Suppose g = 2*z - 50 - 186. Is z a composite number?
True
Let n be -2*8/(80/(-4785)). Suppose 827 + n = 4*i. Let p = 649 - i. Is p prime?
False
Let c(w) be the second derivative of w**5/20 + w**4/2 - 7*w**3/6 + 19*w**2/2 - 21*w - 1. Is c(5) a prime number?
False
Suppose -13*a + 8*a = -2136350. Suppose 2*i - a = -8*i. Is i composite?
False
Let z be (0/(-4))/3 - (-14 - -2). Let x = 14 - z. Suppose -1301 = -4*r - 3*n, -x*r + 0*n + 2*n = -668. Is r composite?
True
Suppose -5*c = 3*p - 1383, 7*p + 3*c - 921 = 5*p. Suppose p = -6*i + 8*i. Suppose 2*b - i = -2*b. Is b prime?
False
Suppose -5*k + 4*k = 12040. Let f = -5217 - k. Is f composite?
False
Suppose -50*g = -47*g - 36. Suppose -z = 4*c - 138 - 137, -g = -3*c. Is z a prime number?
False
Let h(v) = 44131*v + 1406. Is h(11) a prime number?
False
Let a(o) = -o**3 + 2*o**2 + 3*o + 4. Let v be a(3). Suppose 0*q + 4460 = v*q. Is q a composite number?
True
Suppose 99*o - 5541300 - 1517697 = 0. Is o composite?
True
Let b be (-8 + -64153 + -1)*-1. Suppose b = -41*p + 48*p. Is p a composite number?
True
Let q(g) = 4497*g**2 - g + 3. Let h be 7/6 + (-5)/30. Is q(h) composite?
True
Suppose -3*k + f + 3*f + 5735 = 0, 4*f - 1933 = -k. Let x = k - 1110. Is x composite?
True
Let x = -12 - -24. Suppose -x*l + 7*l + 25 = 0. Is ((-6632)/20 - 7)/((-1)/l) composite?
False
Suppose 3*d + 12 = 9*d. Suppose -d = n - 4*q, 0*n + 2 = 2*n - 5*q. Is ((-1)/((-4)/1706))/(n/12) a prime number?
True
Suppose 0 = -4*u - 19 + 119. Suppose 0*s = 5*s - u. Suppose 4*b = 6*b - 5*y - 967, 0 = -s*b + 4*y + 2443. Is b a prime number?
True
Suppose 7*f = -11*f + 15*f. Suppose f = 10*i - 16531 - 65079. Is i a prime number?
True
Suppose a - 21 = -17. Suppose -a*t - 5 - 7 = 0, -4*t = -3*x + 7839. Is x composite?
False
Let w(c) = 2623*c**2 - 20*c - 198. Is w(-5) composite?
True
Let t(l) = -l**2 + 4*l. Let f be t(-9). Let j = 395 + f. Let r = 845 + j. Is r composite?
False
Suppose 18 = 4*x + 14. Let j be x*8/20*5/2. Is -2 + j/(-1) + 1 + 1321 composite?
False
Suppose -j + 959 = -w, -144*w + 14